n factor of n and t?
3
Let y be (-656)/(-6) - 6/(-9). Suppose -3*i + 5 = -28. What is the greatest common divisor of y and i?
11
Let i = 23 + -16. Let m = 22 - i. What is the greatest common divisor of m and 3?
3
Let d(m) be the first derivative of m**3/3 + 3*m**2/2 + 4*m + 3. Let b = 8 + -5. Let p be d(b). Calculate the highest common factor of 55 and p.
11
Suppose w + 214 = 3*s, 2*s - w = 4*s - 146. Let g(l) = 10*l**2 - 20*l - 21. Let x be g(-1). What is the greatest common factor of s and x?
9
Let j = -22 + 46. Calculate the greatest common factor of j and 8.
8
Let w be 78/24 - (-1)/(-4). Calculate the greatest common factor of w and 33.
3
Let v(a) = a**2 + a + 60. Let p be v(0). What is the greatest common factor of 15 and p?
15
Let v be (-80)/4*(14/(-8) + 1). What is the highest common factor of v and 165?
15
Let k = -47 + 69. Let f = k + -8. What is the highest common factor of f and 21?
7
Suppose 3*l + l + k - 269 = 0, -3*k = -4*l + 249. Suppose -4*t - 2 = 2*w, -14 = -t + 2*t + 5*w. Let g = t - -5. What is the greatest common divisor of l and g?
6
Suppose 6*q - 5*q - 3 = 0. Suppose 4*b - 3 = -3*u + 147, -q*b = -3*u - 102. What is the highest common divisor of 12 and b?
12
Let q = 85 + -52. Calculate the highest common divisor of 22 and q.
11
Suppose -3*c + 2 + 13 = k, 0 = -5*k + 5*c + 35. Let g = -227 - -236. What is the highest common factor of k and g?
9
Let s(k) = -k**3 + 4 - 2*k + 5*k**2 + 3*k**3 + 0*k**3 - k**3. Let u be s(-5). Calculate the highest common divisor of 7 and u.
7
Suppose 0 = 4*i + f - 38, 2*f - 2 = -i + 4. What is the highest common divisor of i and 50?
10
Let c be (-14)/14*84/(-1). Calculate the greatest common divisor of c and 12.
12
Suppose -2*g = 3*g - s - 146, s = 4. Calculate the highest common factor of 20 and g.
10
Suppose -184 = -31*p + 27*p. Calculate the highest common factor of 322 and p.
46
Suppose 3*q + 37 = 5*r + 4*q, -9 = 3*q. Calculate the greatest common divisor of 8 and r.
8
Let q(o) = -o**3 + 8*o**2 - 6*o + 6. Let l be q(6). Calculate the greatest common factor of 6 and l.
6
Let q = -28 + 50. Calculate the greatest common factor of 22 and q.
22
Suppose 0 = -5*f + u + 200, 5*f - 3*u - 200 = 2*u. What is the highest common divisor of 20 and f?
20
Let d(q) = q**2 - 3*q - 7. Let l be d(5). Let u = 2 + 0. Suppose u = l*z - z. What is the highest common divisor of z and 9?
1
Let a be 4/(-2) - (1 - 14). Let g be 238/22 - 6/(-33). Calculate the highest common factor of g and a.
11
Suppose 0 = -6*l + 2*l - 12. Let u = -4 - -144. Let q = u - l. What is the greatest common divisor of q and 13?
13
Suppose -3*u - 2*u - 4*n = 10, 0 = -u + 4*n + 22. Suppose u*r = 84 + 12. Calculate the greatest common factor of r and 8.
8
Let d = 25 - 16. Let t(l) = 4 - 3 + 7*l**2 - 2*l - 6*l**2. Let j be t(2). What is the highest common divisor of j and d?
1
Let a(k) = 2*k**2 + 6*k - 7. Let b(l) = -l**2 + l. Let s(c) = a(c) + 3*b(c). Let y be s(7). What is the highest common divisor of 21 and y?
7
Suppose i - 39 = -h, 2*h + 3*i + 0*i = 73. What is the greatest common divisor of 11 and h?
11
Let i be (-3 - 3/(-1)) + 9. Suppose -3*k + i + 9 = 0. Suppose k*l - 2*l - 27 = 3*f, -3*f + 9 = 0. What is the highest common factor of 27 and l?
9
Let k be -1 + 2*215/10. Calculate the greatest common factor of 105 and k.
21
Suppose -55 = -4*g + m + 258, -2*g + m + 157 = 0. What is the greatest common factor of 130 and g?
26
Let y be ((-137)/(-3))/(1/3). Suppose -473 + y = -2*m. What is the highest common divisor of m and 21?
21
Suppose -5*g = 58 - 268. Suppose 4*k = 3*b + 18, -2*k - 4 = 4*b - 24. Calculate the greatest common factor of g and k.
6
Suppose 2*n = 5*f + 11, n + 3*n - 2*f = 62. What is the greatest common divisor of 252 and n?
18
Let j(x) = -x + 6. Let r be j(3). Suppose -10 = 2*o - r*o. Let h(c) = -c. Let u be h(-2). What is the highest common divisor of o and u?
2
Suppose 40 = -5*z + z. Let n be (-4)/(-10) - 276/z. Suppose 2*m - 4 - n = 0. What is the greatest common divisor of 2 and m?
2
Suppose 0 = -2*w - 2*w + 176. Suppose 0*k - w = -2*k. Suppose -8 = -5*s + k. Calculate the highest common divisor of 30 and s.
6
Let t be 2 - (-9 - 4 - 1). Calculate the greatest common factor of t and 16.
16
Let y(h) = -h**3 + 10*h**2 - 10*h + 8. Let j be y(9). Let v be (j + 12)/((-3)/(-12)). Let g = 22 + -11. Calculate the highest common divisor of g and v.
11
Let f = 10 + -7. Suppose j = -3*o - 2*o + 22, 0 = 5*j - f*o - 26. What is the highest common divisor of 21 and j?
7
Let v be (-28)/10 - 4/20. Let o = -2 + v. Let b = 8 + o. What is the greatest common factor of 9 and b?
3
Suppose -3*v = -p + 39, -2*v + 65 = 3*p - 8. What is the highest common divisor of 9 and p?
9
Let m(z) = -3*z - 4. Let x(w) = -8*w - 11. Let v(j) = 17*m(j) - 6*x(j). Let f be v(-4). What is the highest common divisor of f and 90?
10
Let a = 116 - 52. Suppose -4*h = -h - 24. What is the greatest common divisor of h and a?
8
Let f = -10 - -5. Let a be f/((0 - -2)/(-4)). Let u(h) = 29*h + 3. Let c be u(3). Calculate the highest common divisor of a and c.
10
Let o = 31 + -28. What is the greatest common divisor of o and 3?
3
Suppose 2 = 5*p - 83. What is the greatest common divisor of 136 and p?
17
Let u = -3 + 6. Suppose 2*m = -10, -u*l + m + 13 = -10. Suppose -2*r = r - 27. Calculate the greatest common factor of l and r.
3
Suppose 55 = 5*d + 2*x, 0*d - 4*x = d - 29. Calculate the highest common divisor of 1 and d.
1
Let g be 0*(-1 - 3/(-6)). Suppose 5*u - 201 = -y, g*u + 3*y + 37 = u. What is the greatest common factor of 10 and u?
10
Suppose 2*w - 4*b = 18, -b = 3*w + 2*b + 9. Let z be (-1)/((-12)/11 + w). Let s be (9/(-3))/1 + 124. What is the highest common factor of s and z?
11
Let o(w) = 5*w**2 + 8*w + 9. Let i be o(-7). Calculate the highest common divisor of i and 18.
18
Let a = 94 + 36. Suppose 400 = 5*c - 5*u, 8*u - 4*u - a = -2*c. Calculate the highest common factor of 30 and c.
15
Let a be 3370/18 - (-2)/(-9). Let i be 4/6 + (-49)/(-3). What is the highest common divisor of a and i?
17
Let s be 4/30 - 16031/(-255). What is the highest common divisor of 18 and s?
9
Suppose 0 = 3*u + 15, -v + 3*u = v - 37. Suppose n = -2*n. Let o(m) = -m**3 + m**2 - m + 121. Let j be o(n). Calculate the highest common factor of v and j.
11
Suppose j - 107 = -2*f - 25, -2*f + 10 = 0. Let u = 29 + -20. What is the highest common divisor of j and u?
9
Let z(b) = b**2 + 8*b + 10. Let y be z(-7). Suppose y*j = 4*j - 40. What is the highest common factor of j and 8?
8
Let f = 65 + -17. Suppose -1 = 2*w + 5*v, 0*w + 3*v = w + 28. Let p(h) = h**3 + 13*h**2 - h - 1. Let s be p(w). Calculate the highest common divisor of f and s.
12
Let h = -14 + 15. Calculate the highest common divisor of 2 and h.
1
Let v be ((-5)/(-3))/((-30)/(-36)). Calculate the highest common factor of 4 and v.
2
Let x be ((-1)/3)/((-1)/3). Calculate the greatest common divisor of x and 4.
1
Let z be (32/20)/(1/5). What is the greatest common divisor of z and 56?
8
Let y be 8/6*(-48)/(-2). What is the greatest common factor of y and 48?
16
Let l be (-2)/(-8) + (-103)/(-4). Let g be -1 + (l - (0 - -2)). Let m be (644/21)/(2/6). Calculate the greatest common divisor of g and m.
23
Suppose -g + 77 - 17 = 3*o, -5*g + 300 = 3*o. Calculate the greatest common factor of g and 15.
15
Let l = -36 + 50. Suppose 2 = 4*s - l. Suppose -51 - 16 = -5*m + g, -s*g + 68 = 4*m. Calculate the highest common factor of 112 and m.
14
Let j(v) = v + 12. Let s be j(6). Calculate the highest common divisor of 18 and s.
18
Let o(n) = -n**3 + 19*n**2 + 21*n - 14. Let u be o(20). Calculate the highest common divisor of 33 and u.
3
Let o be 3 - (-4)/12*0. Let k(s) = 3*s + 6. Let z be k(o). What is the greatest common divisor of 60 and z?
15
Let l = 171 - 86. Calculate the highest common divisor of 17 and l.
17
Let q be 1/(2 + 26/(-14)). Suppose 0 = 5*c - 20, -q*s + 132 = -2*s + 3*c. What is the highest common factor of 60 and s?
12
Suppose -j + 75 = 4*j. Let q = -43 + 88. What is the greatest common divisor of q and j?
15
Suppose -5*h + 107 = -3. Suppose w + h = -w. Let s = w - -20. Calculate the greatest common factor of s and 6.
3
Let w be (-7 - 1) + (2 - 0). Let s = 14 - w. Suppose -3*o + 8 = -2*o. Calculate the highest common factor o